{"id":17,"date":"2009-10-08T08:38:33","date_gmt":"2009-10-08T06:38:33","guid":{"rendered":"http:\/\/www.psr-stoecker.de\/?page_id=17"},"modified":"2009-10-08T09:06:09","modified_gmt":"2009-10-08T07:06:09","slug":"produkte","status":"publish","type":"page","link":"https:\/\/www.psr-stoecker.de\/?page_id=17","title":{"rendered":"Produkte"},"content":{"rendered":"<p><\/p>\n<h1>Automatisierungstechnik und Softwareerstellung<\/h1>\n<p>Wir liefern Ihnen schl\u00fcsselfertige Automatisierungsl\u00f6sungen f\u00fcr eine Vielzahl von Branchen.<\/p>\n<p>Neben Steuerungen f\u00fcr Heizungs-,\u00a0 L\u00fcftungs- und Klimasysteme realisieren wir auch Steuerungen f\u00fcr Produktionsanlagen und Maschinen f\u00fcr Sie.<\/p>\n<p>Die Elektro-Konstruktion und Dokumentation erfolgt auf modernen CAE-Systemen wie EPLAN nach g\u00fcltigen nationalen bzw. internationalen Normen oder nach Ihren Vorgaben (Werksnorm).<\/p>\n<p>Abgerundet wird unser Leistungsspektrum durch unsere hauseigene Elektro-Montage und Installation.<\/p>\n<p>\u00a0<\/p>\n<p>Unsere Leistungen im \u00dcberblick<\/p>\n<ul>\n<li>Schl\u00fcsselfertige L\u00f6sungen (Turnkey-Projekte)<\/li>\n<li>Elektro-Planung und Projektierung<\/li>\n<li>Elektro-Konstruktion und Dokumentation (EPLAN,)<\/li>\n<li>Software-Engineering<\/li>\n<li>Prozess-Visualisierung<\/li>\n<\/ul>\n<p><strong>Elektro- und Software-Inbetriebnahme weltweit<\/strong><\/p>","protected":false},"excerpt":{"rendered":"<p>Automatisierungstechnik und Softwareerstellung Wir liefern Ihnen schl\u00fcsselfertige Automatisierungsl\u00f6sungen f\u00fcr eine Vielzahl von Branchen. Neben Steuerungen f\u00fcr Heizungs-,\u00a0 L\u00fcftungs- und Klimasysteme realisieren wir auch Steuerungen f\u00fcr Produktionsanlagen und Maschinen f\u00fcr Sie. Die Elektro-Konstruktion und Dokumentation erfolgt auf modernen CAE-Systemen wie EPLAN nach g\u00fcltigen nationalen bzw. internationalen Normen oder nach Ihren Vorgaben (Werksnorm). Abgerundet wird unser Leistungsspektrum [&hellip;]<\/p>\n","protected":false},"author":1,"featured_media":0,"parent":0,"menu_order":3,"comment_status":"open","ping_status":"open","template":"","meta":{"footnotes":""},"_links":{"self":[{"href":"https:\/\/www.psr-stoecker.de\/index.php?rest_route=\/wp\/v2\/pages\/17"}],"collection":[{"href":"https:\/\/www.psr-stoecker.de\/index.php?rest_route=\/wp\/v2\/pages"}],"about":[{"href":"https:\/\/www.psr-stoecker.de\/index.php?rest_route=\/wp\/v2\/types\/page"}],"author":[{"embeddable":true,"href":"https:\/\/www.psr-stoecker.de\/index.php?rest_route=\/wp\/v2\/users\/1"}],"replies":[{"embeddable":true,"href":"https:\/\/www.psr-stoecker.de\/index.php?rest_route=%2Fwp%2Fv2%2Fcomments&post=17"}],"version-history":[{"count":6,"href":"https:\/\/www.psr-stoecker.de\/index.php?rest_route=\/wp\/v2\/pages\/17\/revisions"}],"predecessor-version":[{"id":28,"href":"https:\/\/www.psr-stoecker.de\/index.php?rest_route=\/wp\/v2\/pages\/17\/revisions\/28"}],"wp:attachment":[{"href":"https:\/\/www.psr-stoecker.de\/index.php?rest_route=%2Fwp%2Fv2%2Fmedia&parent=17"}],"curies":[{"name":"wp","href":"https:\/\/api.w.org\/{rel}","templated":true}]}}